 24999793.
91
What is the greatest common divisor of 25712 and 1012144?
16
Calculate the highest common divisor of 377340 and 1088328.
3972
What is the highest common divisor of 23554693 and 38009?
191
Calculate the highest common divisor of 55651 and 720157.
551
What is the greatest common divisor of 22629 and 2035419?
1191
Calculate the highest common divisor of 1127318 and 81464.
1198
Calculate the greatest common divisor of 8215380 and 18.
18
What is the highest common divisor of 13989439 and 14677?
1129
What is the greatest common divisor of 84920 and 9352780?
3860
Calculate the greatest common divisor of 547 and 18895.
1
Calculate the highest common divisor of 6466 and 5854963.
3233
Calculate the highest common divisor of 1802500 and 1433348.
2884
Calculate the highest common factor of 304 and 722822320.
304
What is the highest common factor of 130942 and 14664?
94
Calculate the greatest common divisor of 40902 and 33123402.
2406
Calculate the greatest common factor of 3777084744 and 24.
24
What is the greatest common factor of 1360702 and 664?
166
Calculate the highest common divisor of 42532 and 662284.
6076
What is the greatest common divisor of 277623 and 77499?
981
What is the highest common divisor of 186649473 and 5901?
843
What is the highest common divisor of 1078 and 62?
2
What is the highest common factor of 190450 and 4981?
293
What is the greatest common divisor of 371025 and 300?
75
Calculate the highest common divisor of 4697841 and 69.
3
What is the highest common factor of 21435792 and 28?
28
What is the highest common divisor of 105 and 9282300?
15
Calculate the highest common divisor of 81 and 33565104.
81
What is the highest common factor of 183205 and 45320?
55
What is the highest common factor of 1260473818 and 331?
331
What is the highest common factor of 177228 and 483246?
162
Calculate the highest common divisor of 14053 and 24641630.
611
Calculate the highest common factor of 1941995 and 15075.
335
What is the greatest common factor of 2424 and 47925712?
808
What is the greatest common factor of 731578653 and 1818?
909
Calculate the greatest common factor of 1504303 and 177713.
2503
Calculate the greatest common factor of 227903480 and 133.
133
Calculate the highest common divisor of 59895 and 41490.
45
What is the greatest common divisor of 2409 and 1212816?
33
Calculate the highest common factor of 1568823 and 120268.
281
Calculate the greatest common divisor of 420 and 6540996.
84
Calculate the greatest common factor of 3808 and 16540524.
476
What is the greatest common factor of 1265768 and 1218?
14
What is the greatest common factor of 36 and 199467882?
18
Calculate the highest common divisor of 28508 and 66459275.
7127
What is the highest common divisor of 157988871 and 306?
153
Calculate the greatest common factor of 40828 and 4566508.
692
Calculate the greatest common divisor of 3 and 106863446.
1
Calculate the highest common divisor of 244 and 140848573.
61
What is the greatest common divisor of 357 and 3236289?
21
Calculate the highest common factor of 3063 and 2202297.
3063
Calculate the highest common divisor of 2261 and 5399591.
323
What is the greatest common divisor of 2326073467 and 391?
391
Calculate the greatest common divisor of 19888 and 6387890.
226
What is the highest common divisor of 70 and 111949495?
35
Calculate the greatest common factor of 266323 and 4873101.
2033
What is the highest common factor of 91045 and 3224434?
131
What is the highest common divisor of 354000 and 94000?
2000
Calculate the greatest common divisor of 39 and 119948673.
39
What is the highest common divisor of 53244279 and 11?
11
What is the highest common divisor of 208656 and 257646?
138
What is the greatest common factor of 8480 and 3716890?
530
Calculate the highest common divisor of 175574 and 266.
14
What is the highest common divisor of 171 and 138119493?
57
What is the highest common factor of 140655 and 34035?
15
Calculate the highest common divisor of 939291500 and 10.
10
What is the highest common divisor of 63572 and 1112924?
92
Calculate the highest common divisor of 127 and 15263368.
127
Calculate the greatest common factor of 279396 and 12428.
52
What is the highest common factor of 12222808 and 3376?
1688
Calculate the highest common factor of 26071640 and 16.
8
What is the highest common divisor of 59960677 and 4319?
4319
What is the greatest common factor of 878284 and 34892?
44
What is the greatest common divisor of 10928857 and 19?
19
Calculate the highest common divisor of 48413160 and 7245.
1035
What is the greatest common factor of 211580 and 21100?
20
Calculate the greatest common divisor of 132 and 405385794.
66
Calculate the highest common divisor of 170 and 19674610.
170
Calculate the greatest common factor of 30343532 and 1311.
437
What is the highest common factor of 204391255 and 32895?
3655
What is the greatest common divisor of 74107 and 41800?
11
Calculate the highest common divisor of 2226 and 41539386.
2226
What is the greatest common divisor of 5288582 and 75114?
2782
Calculate the highest common factor of 89 and 32522647.
89
Calculate the greatest common factor of 11926348 and 21195.
157
Calculate the greatest common divisor of 51 and 25781163.
51
What is the highest common divisor of 1284773256 and 52?
52
Calculate the highest common divisor of 226104 and 1272.
24
What is the greatest common factor of 340923348 and 5724?
1908
Calculate the greatest common factor of 355 and 888695.
5
What is the highest common factor of 3716998632 and 54?
54
Calculate the highest common factor of 289170 and 3465.
315
Calculate the highest common factor of 6600 and 596464.
88
Calculate the greatest common factor of 1616 and 408949.
101
Calculate the highest common divisor of 20911256 and 24138.
298
What is the highest common divisor of 108 and 136858716?
36
What is the highest common factor of 205439260 and 77508?
8612
Calculate the greatest common divisor of 69550 and 86650.
50
Calculate the highest common divisor of 344419 and 29706667.
2113
What is the highest common factor of 256253361 and 1482?
741
Calculate the highest common factor of 1229914 and 10850.
14
What is the greatest common factor of 6726550 and 220400?
1450
Calculate the greatest common factor of 6523 and 54593.
11
Calculate the highest common factor of 7505992 and 16.
8
What is the highest common factor of 90368 and 162733?
353
What is the greatest common factor of 2145 and 26334165?
2145
Calculate the greatest common divisor of 11225 and 67799.
449
Calculate the greatest common divisor of 125456 and 156656.
16
What is the greatest common factor of 416 and 4253457?
13
What is the greatest common divisor of 8415 and 50527026?
1683
Calculate the greatest common factor of 29785 and 40219410.
805
Calculate the greatest common divisor of 9504 and 15616.
32
What is the greatest common factor of 394 and 110708681?
197
Calculate the highest common divisor of 43 and 40507.
1
What is the greatest common factor of 516 and 6658808?
172
What is the greatest common factor of 62851380 and 8385?
645
What is the greatest common factor of 291956 and 812?
28
What is the highest common factor of 22600654 and 438?
146
What is the greatest common factor of 766590 and 32766030?
7590
What is the greatest common factor of 176673 and 830725?
329
Calculate the highest common factor of 191155090 and 14.
14
Calculate the greatest common divisor of 123816602 and 91.
91
Calculate the highest common divisor of 3753 and 7908127.
139
Calculate the greatest common factor of 65184 and 14812.
28
What is the greatest common factor of 4000 and 9033000?
1000
Calculate the greatest common factor of 2680560 and 175440.
4080
What is the highest common factor of 36 and 61929630?
18
Calculate the greatest common factor of 19952 and 83434276.
4988
Calculate the highest common divisor of 340918 and 1827874.
1258
What is the greatest common divisor of 51 and 39888749?
17
What is the highest common factor of 8652714 and 3971?
19
Calculate the highest common divisor of 3402 and 19929861.
189
Calculate the highest common divisor of 46122325 and 1450.
725
What is the highest common divisor of 2363505 and 2945?
95
What is the greatest common divisor of 799696412 and 5284?
5